{"id":173,"date":"2025-01-01T19:53:13","date_gmt":"2025-01-01T19:53:13","guid":{"rendered":"https:\/\/jabczynski.pl\/?page_id=173"},"modified":"2025-02-20T18:36:28","modified_gmt":"2025-02-20T18:36:28","slug":"wyspoges-i-gesioslim","status":"publish","type":"page","link":"https:\/\/jabczynski.pl\/index.php\/wyspoges-i-gesioslim\/","title":{"rendered":"Wyspog\u0119\u015b i G\u0119sio\u015blim"},"content":{"rendered":"\n<div class=\"wp-block-columns is-layout-flex wp-container-core-columns-is-layout-9d6595d7 wp-block-columns-is-layout-flex\">\n<div class=\"wp-block-column is-layout-flow wp-block-column-is-layout-flow\">\n<figure data-wp-context=\"{&quot;imageId&quot;:&quot;69e370dc7d691&quot;}\" data-wp-interactive=\"core\/image\" class=\"wp-block-image size-full wp-lightbox-container\"><img loading=\"lazy\" decoding=\"async\" width=\"627\" height=\"900\" data-wp-class--hide=\"state.isContentHidden\" data-wp-class--show=\"state.isContentVisible\" data-wp-init=\"callbacks.setButtonStyles\" data-wp-on-async--click=\"actions.showLightbox\" data-wp-on-async--load=\"callbacks.setButtonStyles\" data-wp-on-async-window--resize=\"callbacks.setButtonStyles\" src=\"https:\/\/jabczynski.pl\/wp-content\/uploads\/2025\/01\/Wyspoges_goplanska.jpg\" alt=\"\" class=\"wp-image-174\" srcset=\"https:\/\/jabczynski.pl\/wp-content\/uploads\/2025\/01\/Wyspoges_goplanska.jpg 627w, https:\/\/jabczynski.pl\/wp-content\/uploads\/2025\/01\/Wyspoges_goplanska-209x300.jpg 209w\" sizes=\"auto, (max-width: 627px) 100vw, 627px\" \/><button\n\t\t\tclass=\"lightbox-trigger\"\n\t\t\ttype=\"button\"\n\t\t\taria-haspopup=\"dialog\"\n\t\t\taria-label=\"Powi\u0119ksz\"\n\t\t\tdata-wp-init=\"callbacks.initTriggerButton\"\n\t\t\tdata-wp-on-async--click=\"actions.showLightbox\"\n\t\t\tdata-wp-style--right=\"state.imageButtonRight\"\n\t\t\tdata-wp-style--top=\"state.imageButtonTop\"\n\t\t>\n\t\t\t<svg xmlns=\"http:\/\/www.w3.org\/2000\/svg\" width=\"12\" height=\"12\" fill=\"none\" viewBox=\"0 0 12 12\">\n\t\t\t\t<path fill=\"#fff\" d=\"M2 0a2 2 0 0 0-2 2v2h1.5V2a.5.5 0 0 1 .5-.5h2V0H2Zm2 10.5H2a.5.5 0 0 1-.5-.5V8H0v2a2 2 0 0 0 2 2h2v-1.5ZM8 12v-1.5h2a.5.5 0 0 0 .5-.5V8H12v2a2 2 0 0 1-2 2H8Zm2-12a2 2 0 0 1 2 2v2h-1.5V2a.5.5 0 0 0-.5-.5H8V0h2Z\" \/>\n\t\t\t<\/svg>\n\t\t<\/button><figcaption class=\"wp-element-caption\"><strong><em>Wyspog\u0119\u015b gopla\u0144ska<\/em><\/strong>, akwarela na papierze, 72,5 x 50,5 cm, 2024 r.<br>(w\u0142asno\u015b\u0107 Muzeum im. Jana Kasprowicza w Inowroc\u0142awiu)<\/figcaption><\/figure>\n\n\n\n<figure data-wp-context=\"{&quot;imageId&quot;:&quot;69e370dc7da69&quot;}\" data-wp-interactive=\"core\/image\" class=\"wp-block-image size-full wp-lightbox-container\"><img loading=\"lazy\" decoding=\"async\" width=\"638\" height=\"900\" data-wp-class--hide=\"state.isContentHidden\" data-wp-class--show=\"state.isContentVisible\" data-wp-init=\"callbacks.setButtonStyles\" data-wp-on-async--click=\"actions.showLightbox\" data-wp-on-async--load=\"callbacks.setButtonStyles\" data-wp-on-async-window--resize=\"callbacks.setButtonStyles\" src=\"http:\/\/jabczynski.pl\/wp-content\/uploads\/2025\/01\/image.jpeg\" alt=\"Obrazek posiada pusty atrybut alt; plik o nazwie Gesioslim_kruszwicka.jpg\" class=\"wp-image-177\" srcset=\"https:\/\/jabczynski.pl\/wp-content\/uploads\/2025\/01\/image.jpeg 638w, https:\/\/jabczynski.pl\/wp-content\/uploads\/2025\/01\/image-213x300.jpeg 213w\" sizes=\"auto, (max-width: 638px) 100vw, 638px\" \/><button\n\t\t\tclass=\"lightbox-trigger\"\n\t\t\ttype=\"button\"\n\t\t\taria-haspopup=\"dialog\"\n\t\t\taria-label=\"Powi\u0119ksz\"\n\t\t\tdata-wp-init=\"callbacks.initTriggerButton\"\n\t\t\tdata-wp-on-async--click=\"actions.showLightbox\"\n\t\t\tdata-wp-style--right=\"state.imageButtonRight\"\n\t\t\tdata-wp-style--top=\"state.imageButtonTop\"\n\t\t>\n\t\t\t<svg xmlns=\"http:\/\/www.w3.org\/2000\/svg\" width=\"12\" height=\"12\" fill=\"none\" viewBox=\"0 0 12 12\">\n\t\t\t\t<path fill=\"#fff\" d=\"M2 0a2 2 0 0 0-2 2v2h1.5V2a.5.5 0 0 1 .5-.5h2V0H2Zm2 10.5H2a.5.5 0 0 1-.5-.5V8H0v2a2 2 0 0 0 2 2h2v-1.5ZM8 12v-1.5h2a.5.5 0 0 0 .5-.5V8H12v2a2 2 0 0 1-2 2H8Zm2-12a2 2 0 0 1 2 2v2h-1.5V2a.5.5 0 0 0-.5-.5H8V0h2Z\" \/>\n\t\t\t<\/svg>\n\t\t<\/button><figcaption class=\"wp-element-caption\"><strong><em>G\u0119sio\u015blim kruszwicka<\/em><\/strong>, akwarela na papierze, 72 x 52 cm, 2024 r. <br>(w\u0142asno\u015b\u0107 Muzeum im. Jana Kasprowicza w Inowroc\u0142awiu)<\/figcaption><\/figure>\n<\/div>\n\n\n\n<div class=\"wp-block-column is-layout-flow wp-block-column-is-layout-flow\">\n<p class=\"has-medium-font-size\">Kto raz zobaczy\u0142 l\u015bni\u0105ce w s\u0142o\u0144cu wody jeziora Gop\u0142o ze szczytu Mysiej Wie\u017cy, ten nigdy nie zapomni tego widoku. Kto raz zakocha\u0142 si\u0119 w tutejszym krajobrazie, ten pozostanie na zawsze w pod jego urokiem i b\u0119dzie tu wraca\u0142 w niesko\u0144czono\u015b\u0107. Kt\u00f3\u017c rzuca te czary na niczego nie\u015bwiadomych turyst\u00f3w? To Pani jeziora \u2013 Goplana (kt\u00f3ra potajemnie powr\u00f3ci\u0142a do swego pa\u0142acu na dnie Gop\u0142a po wygnaniu i jej wierne pomocnice \u2013 <strong>Wyspog\u0119\u015b gopla\u0144ska<\/strong> i <strong>G\u0119sio\u015blim kruszwicka<\/strong>\u2026 obydwie stworzone przez nimf\u0119 wodn\u0105 na wieczn\u0105 s\u0142u\u017cb\u0119 zamkowi Piast\u00f3w i g\u0119siom g\u0119gawom.<\/p>\n\n\n\n<p class=\"has-medium-font-size\"><strong>Wyspog\u0119\u015b gopla\u0144ska<\/strong> wy\u0142oni\u0142a si\u0119 z g\u0142\u0119bin jeziora Gop\u0142o w pradawnych czasach, podczas straszliwej wiosennej burzy. Targane porywami wichru wody rozst\u0105pi\u0142y si\u0119 w \u015bwietle gromu, ukazuj\u0105c kszta\u0142t rozpoznawalny dla tutejszej fauny jako miejsce bezpieczne i przyjazne. Pani jeziora, widz\u0105c liczne stada g\u0119gaw niepokojone i przeganiane z brzeg\u00f3w jej kr\u00f3lestwa przez okolicznych mieszka\u0144c\u00f3w, zapa\u0142a\u0142a gniewem i postanowi\u0142a uchroni\u0107 swoje ulubione g\u0119si przed w\u0142o\u015bcianami, nie\u015bwiadomymi, \u017ce zadzieraj\u0105 z sam\u0105 Goplan\u0105. Uwielbia\u0142a ona po wiosennym przebudzeniu wynurzy\u0107 si\u0119 na powierzchni\u0119 i s\u0142ucha\u0107 g\u0119gania powracaj\u0105cych z zimowisk ptak\u00f3w. Jednak wyg\u0142odniali, po wielu miesi\u0105cach przymusowego postu, kruszwiczanie ch\u0119tnie polowali na g\u0119si, zamieszkuj\u0105ce przybrze\u017cne szuwary. \u0141owy zacz\u0119\u0142y zagra\u017ca\u0107 ich populacji, wi\u0119c Goplana postanowi\u0142a zdecydowanie zadzia\u0142a\u0107. Wielka by\u0142a to chwila, gdy rozsierdzona nimfa poprosi\u0142a Peruna, by zes\u0142a\u0142 na Kruszwic\u0119 pot\u0119\u017cn\u0105 burz\u0119. Gdy \u017cywio\u0142 rozszala\u0142 si\u0119 na dobre Goplana zanurzy\u0142a si\u0119 w odm\u0119tach spienionych w\u00f3d jeziora i \u2013 czyni\u0105c ze\u0144 wir \u2013 spowodowa\u0142a wypi\u0119trzenie si\u0119 wysepki, kt\u00f3ra mia\u0142a uchroni\u0107 g\u0119gawy przez zakusami poluj\u0105cych. Nie tylko odosobnienie tego miejsca, ale tak\u017ce umieszczone woko\u0142o, tu\u017c pod powierzchni\u0105, g\u0142azy utrudniaj\u0105ce podp\u0142yniecie \u0142odziami, mia\u0142y chroni\u0107 na wieki zamieszkuj\u0105ce wysp\u0119 g\u0119si. Po dzi\u015b dzie\u0144 mo\u017cna tu spotka\u0107 liczne stada tych ptak\u00f3w, a zawdzi\u0119czamy to w\u0142a\u015bnie Goplanie. Dzi\u015b administracyjnie wyspa nazywa si\u0119 Tumidaj, ale gdy przy\u0142o\u017cy si\u0119 ucho do tafli w\u00f3d jeziora, w zupe\u0142nej ciszy, mo\u017cna us\u0142ysze\u0107 szum, przypominaj\u0105cy powtarzaj\u0105cy si\u0119 wci\u0105\u017c niczym echo szept i rozpozna\u0107 s\u0142owa wypowiedziane przez Goplan\u0119 tworz\u0105c\u0105 wysp\u0119: ty b\u0119dziesz Wyspog\u0119\u015b gopla\u0144ska.<\/p>\n\n\n\n<p class=\"has-medium-font-size\"><strong>G\u0119sio\u015blim kruszwicka<\/strong> to endemiczny gatunek g\u0119si g\u0119gawy, stworzony przez Goplan\u0119 dla odstraszania wszelkich drapie\u017cnik\u00f3w, a przede wszystkim ludzi. Nimfa widz\u0105c, \u017ce utworzona przez ni\u0105 poprzedniej wiosny Wyspog\u0119\u015b gopla\u0144ska nie chroni jej ukochanych g\u0119si przez naj\u015bmielszymi z okolicznych mieszka\u0144c\u00f3w, postanowi\u0142a zn\u00f3w zaingerowa\u0107 w \u015bwiat zewn\u0119trzny.<br><br> <br> <br> <br> <br><br><br><br><br><br><style type=\"text\/css\">p { line-height: 115%; margin-bottom: 0.25cm; background: transparent }strong { font-weight: bold <\/style><\/p>\n<\/div>\n\n\n\n<div class=\"wp-block-column is-layout-flow wp-block-column-is-layout-flow\">\n<p class=\"has-medium-font-size\">G\u0119sio\u015blim powsta\u0142a z po\u0142\u0105czenia najdorodniejszej g\u0119si p\u0142ywaj\u0105cej po wodach jeziora i \u015blimaka o najwi\u0119kszej muszli, jakiego uda\u0142o si\u0119 Goplanie znale\u017a\u0107 na brzegu jej kr\u00f3lestwa. D\u0142ugo szuka\u0142a odpowiednich osobnik\u00f3w, kt\u00f3re odpowiada\u0142yby jej wymaganiom. Gdy je wreszcie znalaz\u0142a, zabra\u0142a je z sob\u0105 w odm\u0119ty Gop\u0142a. Tam, w nieprzeniknionej ciemno\u015bci, w magiczn\u0105 noc \u015bwi\u0119toja\u0144sk\u0105, dokona\u0142o si\u0119 po\u0142\u0105czenie w jeden niezwyk\u0142y gatunek, kt\u00f3ry odt\u0105d \u017cyje w nadgopla\u0144skich trzcinowiskach. Ka\u017cdego roku, w pami\u0119tn\u0105 noc \u015bw. Jana, na dnie Gop\u0142a wykluwaj\u0105 si\u0119 m\u0142ode G\u0119sio\u015blimy i wyp\u0142ywaj\u0105 na powierzchni\u0119 wody tu\u017c przed \u015bwitem. Goplana wyznaczy\u0142a im wa\u017cne zadanie. Pierwotnie mia\u0142y strzec bezpiecze\u0144stwa swych si\u00f3str, gniazduj\u0105cych na \u2013 stworzonej przez ni\u0105 sam\u0105 \u2013 Wyspog\u0119si gopla\u0144skiej. Dzielnie odstrasza\u0142y \u015bmia\u0142k\u00f3w, kt\u00f3rzy pr\u00f3bowali pokona\u0107 ostre ska\u0142y, umy\u015blnie porozrzucane dawniej wok\u00f3\u0142 wysepki. Gdy ta przeszkoda nie wystarczy\u0142a, w\u00f3wczas z trzcinowisk wyp\u0142ywa\u0142y te niezwyk\u0142e stworzenia, kt\u00f3re swym wygl\u0105dem, ale tak\u017ce wydawanym przera\u017aliwym \u015bwistem, skutecznie zawraca\u0142y \u0142owc\u00f3w, porzucaj\u0105cych ze strachu wszystko, co mieli ze sob\u0105. Cho\u0107 nie wszystkich uda\u0142o si\u0119 przegna\u0107. Gdy jednak nasta\u0142y czasy Piast\u00f3w i rozpocz\u0119to budow\u0119 zamku w Kruszwicy, nimfa wy\u0142oni\u0142a si\u0119 z odm\u0119t\u00f3w jeziora i przekaza\u0142a im nowe zadanie. Mia\u0142y odt\u0105d zawsze znajdowa\u0107 si\u0119 w pobli\u017cu zamku, by mie\u0107 go w zasi\u0119gu wzroku i nieustannie mie\u0107 na niego baczenie. Mia\u0142a Goplana nadziej\u0119, \u017ce zawsze b\u0119dzie to siedziba pot\u0119\u017cnego rodu kr\u00f3lewskiego, lecz jako li tylko kr\u00f3lowa jeziora nie mia\u0142a mocy, aby sprawi\u0107, by tak pozosta\u0142o. Do dzi\u015b mo\u017cna spotka\u0107 G\u0119sio\u015blimy na brzegach Gop\u0142a, lecz spotkanie to jest szcz\u0119\u015bciem bardzo nielicznych. Aby zobaczy\u0107 wy\u0142aniaj\u0105c\u0105 si\u0119 majestatycznie z g\u0119stwiny G\u0119sio\u015blim kruszwick\u0105 trzeba przyj\u015b\u0107 nad brzeg przed \u015bwitem, zachowywa\u0107 si\u0119 niezwykle cicho i przez d\u0142ugi czas nie zdradza\u0107 swojej obecno\u015bci cho\u0107by szmerem oddechu. S\u0105 one bowiem niezwykle ostro\u017cne i nieufne wobec ludzi. Poniewa\u017c od wiek\u00f3w by\u0142y nara\u017cone na ataki poluj\u0105cych mieszka\u0144c\u00f3w okolicy, a wiele z nich odnios\u0142o rany lub zgin\u0119\u0142o broni\u0105c g\u0119gaw, dzi\u015b stroni\u0105 one od ludzi. Cho\u0107 g\u0119gawy s\u0105 bezpieczne i ich populacji nie zagra\u017ca ju\u017c cz\u0142owiek, G\u0119sio\u015blimy wci\u0105\u017c pe\u0142ni\u0105 sw\u0105 wart\u0119 pod pozosta\u0142o\u015bciami zamku \u2013 Mysi\u0105 Wie\u017c\u0105, kt\u00f3ra nadal g\u00f3ruje nad okolic\u0105 i z kt\u00f3rej szczytu mo\u017cna podziwia\u0107 w s\u0142oneczne dni srebrne wody jeziora, kt\u00f3re hipnotyzuj\u0105 turyst\u00f3w.<\/p>\n\n\n\n<p class=\"has-medium-font-size\">Opowie\u015b\u0107 spisa\u0142a Renata Kamionka<\/p>\n<\/div>\n<\/div>\n\n\n\n<p><\/p>\n","protected":false},"excerpt":{"rendered":"<p>Kto raz zobaczy\u0142 l\u015bni\u0105ce w s\u0142o\u0144cu wody jeziora Gop\u0142o ze szczytu Mysiej Wie\u017cy, ten nigdy nie zapomni tego widoku. Kto raz zakocha\u0142 si\u0119 w tutejszym krajobrazie, ten pozostanie na zawsze w pod jego urokiem i b\u0119dzie tu wraca\u0142 w niesko\u0144czono\u015b\u0107. Kt\u00f3\u017c rzuca te czary na niczego nie\u015bwiadomych turyst\u00f3w? To Pani jeziora \u2013 Goplana (kt\u00f3ra potajemnie&#8230;<\/p>\n","protected":false},"author":1,"featured_media":0,"parent":0,"menu_order":0,"comment_status":"closed","ping_status":"closed","template":"","meta":{"_kad_post_transparent":"","_kad_post_title":"","_kad_post_layout":"","_kad_post_sidebar_id":"","_kad_post_content_style":"","_kad_post_vertical_padding":"","_kad_post_feature":"","_kad_post_feature_position":"","_kad_post_header":false,"_kad_post_footer":false,"_kad_post_classname":"","footnotes":""},"class_list":["post-173","page","type-page","status-publish","hentry"],"_links":{"self":[{"href":"https:\/\/jabczynski.pl\/index.php\/wp-json\/wp\/v2\/pages\/173","targetHints":{"allow":["GET"]}}],"collection":[{"href":"https:\/\/jabczynski.pl\/index.php\/wp-json\/wp\/v2\/pages"}],"about":[{"href":"https:\/\/jabczynski.pl\/index.php\/wp-json\/wp\/v2\/types\/page"}],"author":[{"embeddable":true,"href":"https:\/\/jabczynski.pl\/index.php\/wp-json\/wp\/v2\/users\/1"}],"replies":[{"embeddable":true,"href":"https:\/\/jabczynski.pl\/index.php\/wp-json\/wp\/v2\/comments?post=173"}],"version-history":[{"count":6,"href":"https:\/\/jabczynski.pl\/index.php\/wp-json\/wp\/v2\/pages\/173\/revisions"}],"predecessor-version":[{"id":306,"href":"https:\/\/jabczynski.pl\/index.php\/wp-json\/wp\/v2\/pages\/173\/revisions\/306"}],"wp:attachment":[{"href":"https:\/\/jabczynski.pl\/index.php\/wp-json\/wp\/v2\/media?parent=173"}],"curies":[{"name":"wp","href":"https:\/\/api.w.org\/{rel}","templated":true}]}}